{"id":1680,"date":"2019-06-20T21:33:53","date_gmt":"2019-06-20T19:33:53","guid":{"rendered":"http:\/\/grandestauto.demo.izhak.fr\/?page_id=1680"},"modified":"2022-06-09T22:59:10","modified_gmt":"2022-06-09T20:59:10","slug":"rendez-vous-atelier","status":"publish","type":"page","link":"https:\/\/grand-est-automobiles.fr\/audi-hoenheim\/rendez-vous-atelier\/","title":{"rendered":"Rendez-vous atelier"},"content":{"rendered":"<h3><strong>Entretien &amp; R\u00e9paration<\/strong><\/h3>\n<p>Pour la maintenance ou pour des r\u00e9parations, nos techniciens prennent en charge votre v\u00e9hicule dans le respect des normes constructeur. En choisissant nos ateliers, vous choisissez l\u2019excellence de votre marque de v\u00e9hicule.<\/p>\n<p>Retrouvez votre marque au sein de Grand Est Automobiles !<\/p>\n<h3>Nos services<\/h3>\n<ul class=\"list-services\">\n<li>Entretiens et r\u00e9parations<\/li>\n<li>Service apr\u00e8s-vente<\/li>\n<li>Essai de v\u00e9hicule<\/li>\n<li>Reprise<\/li>\n<li>Financement<\/li>\n<\/ul>\n","protected":false},"excerpt":{"rendered":"<p>Entretien &amp; R\u00e9paration Pour la maintenance ou pour des r\u00e9parations, nos techniciens prennent en charge votre v\u00e9hicule dans le respect<\/p>\n","protected":false},"author":1,"featured_media":1938,"parent":0,"menu_order":0,"comment_status":"closed","ping_status":"closed","template":"page-templates\/formulaire.php","meta":{"_acf_changed":false,"inline_featured_image":false,"footnotes":""},"class_list":["post-1680","page","type-page","status-publish","has-post-thumbnail","hentry"],"yoast_head":"<!-- This site is optimized with the Yoast SEO plugin v27.4 - https:\/\/yoast.com\/product\/yoast-seo-wordpress\/ -->\n<title>Rendez-vous atelier - Audi Strasbourg Hoenheim - Grand Est Automobiles<\/title>\n<meta name=\"description\" content=\"Pour la maintenance ou pour des r\u00e9parations, nos techniciens prennent en charge votre v\u00e9hicule dans le respect des nomes constructeur.\" \/>\n<meta name=\"robots\" content=\"noindex, follow, max-snippet:-1, max-image-preview:large, max-video-preview:-1\" \/>\n<meta property=\"og:locale\" content=\"fr_FR\" \/>\n<meta property=\"og:type\" content=\"article\" \/>\n<meta property=\"og:title\" content=\"Rendez-vous atelier - Audi Strasbourg Hoenheim - Grand Est Automobiles\" \/>\n<meta property=\"og:description\" content=\"Pour la maintenance ou pour des r\u00e9parations, nos techniciens prennent en charge votre v\u00e9hicule dans le respect des nomes constructeur.\" \/>\n<meta property=\"og:url\" content=\"https:\/\/grand-est-automobiles.fr\/audi-hoenheim\/rendez-vous-atelier\/\" \/>\n<meta property=\"og:site_name\" content=\"Audi Strasbourg Hoenheim - Grand Est Automobiles\" \/>\n<meta property=\"article:modified_time\" content=\"2022-06-09T20:59:10+00:00\" \/>\n<meta property=\"og:image\" content=\"https:\/\/grand-est-automobiles.fr\/audi-hoenheim\/wp-content\/uploads\/sites\/8\/2019\/06\/scheduled-car-service-r25vyqt-min.jpg\" \/>\n\t<meta property=\"og:image:width\" content=\"5000\" \/>\n\t<meta property=\"og:image:height\" content=\"3333\" \/>\n\t<meta property=\"og:image:type\" content=\"image\/jpeg\" \/>\n<meta name=\"twitter:card\" content=\"summary_large_image\" \/>\n<script type=\"application\/ld+json\" class=\"yoast-schema-graph\">{\"@context\":\"https:\\\/\\\/schema.org\",\"@graph\":[{\"@type\":\"WebPage\",\"@id\":\"https:\\\/\\\/grand-est-automobiles.fr\\\/audi-hoenheim\\\/rendez-vous-atelier\\\/\",\"url\":\"https:\\\/\\\/grand-est-automobiles.fr\\\/audi-hoenheim\\\/rendez-vous-atelier\\\/\",\"name\":\"Rendez-vous atelier - Audi Strasbourg Hoenheim - Grand Est Automobiles\",\"isPartOf\":{\"@id\":\"https:\\\/\\\/grand-est-automobiles.fr\\\/audi-hoenheim\\\/#website\"},\"primaryImageOfPage\":{\"@id\":\"https:\\\/\\\/grand-est-automobiles.fr\\\/audi-hoenheim\\\/rendez-vous-atelier\\\/#primaryimage\"},\"image\":{\"@id\":\"https:\\\/\\\/grand-est-automobiles.fr\\\/audi-hoenheim\\\/rendez-vous-atelier\\\/#primaryimage\"},\"thumbnailUrl\":\"https:\\\/\\\/grand-est-automobiles.fr\\\/audi-hoenheim\\\/wp-content\\\/uploads\\\/sites\\\/8\\\/2019\\\/06\\\/scheduled-car-service-r25vyqt-min.jpg\",\"datePublished\":\"2019-06-20T19:33:53+00:00\",\"dateModified\":\"2022-06-09T20:59:10+00:00\",\"description\":\"Pour la maintenance ou pour des r\u00e9parations, nos techniciens prennent en charge votre v\u00e9hicule dans le respect des nomes constructeur.\",\"breadcrumb\":{\"@id\":\"https:\\\/\\\/grand-est-automobiles.fr\\\/audi-hoenheim\\\/rendez-vous-atelier\\\/#breadcrumb\"},\"inLanguage\":\"fr-FR\",\"potentialAction\":[{\"@type\":\"ReadAction\",\"target\":[\"https:\\\/\\\/grand-est-automobiles.fr\\\/audi-hoenheim\\\/rendez-vous-atelier\\\/\"]}]},{\"@type\":\"ImageObject\",\"inLanguage\":\"fr-FR\",\"@id\":\"https:\\\/\\\/grand-est-automobiles.fr\\\/audi-hoenheim\\\/rendez-vous-atelier\\\/#primaryimage\",\"url\":\"https:\\\/\\\/grand-est-automobiles.fr\\\/audi-hoenheim\\\/wp-content\\\/uploads\\\/sites\\\/8\\\/2019\\\/06\\\/scheduled-car-service-r25vyqt-min.jpg\",\"contentUrl\":\"https:\\\/\\\/grand-est-automobiles.fr\\\/audi-hoenheim\\\/wp-content\\\/uploads\\\/sites\\\/8\\\/2019\\\/06\\\/scheduled-car-service-r25vyqt-min.jpg\",\"width\":5000,\"height\":3333},{\"@type\":\"BreadcrumbList\",\"@id\":\"https:\\\/\\\/grand-est-automobiles.fr\\\/audi-hoenheim\\\/rendez-vous-atelier\\\/#breadcrumb\",\"itemListElement\":[{\"@type\":\"ListItem\",\"position\":1,\"name\":\"Accueil\",\"item\":\"https:\\\/\\\/grand-est-automobiles.fr\\\/audi-hoenheim\\\/\"},{\"@type\":\"ListItem\",\"position\":2,\"name\":\"Rendez-vous atelier\"}]},{\"@type\":\"WebSite\",\"@id\":\"https:\\\/\\\/grand-est-automobiles.fr\\\/audi-hoenheim\\\/#website\",\"url\":\"https:\\\/\\\/grand-est-automobiles.fr\\\/audi-hoenheim\\\/\",\"name\":\"Audi Strasbourg Hoenheim - Grand Est Automobiles\",\"description\":\"Concessionnaire AUDI \u00e0 Strasbourg Hoenheim - Grand Est Automobiles.\",\"potentialAction\":[{\"@type\":\"SearchAction\",\"target\":{\"@type\":\"EntryPoint\",\"urlTemplate\":\"https:\\\/\\\/grand-est-automobiles.fr\\\/audi-hoenheim\\\/?s={search_term_string}\"},\"query-input\":{\"@type\":\"PropertyValueSpecification\",\"valueRequired\":true,\"valueName\":\"search_term_string\"}}],\"inLanguage\":\"fr-FR\"}]}<\/script>\n<!-- \/ Yoast SEO plugin. -->","yoast_head_json":{"title":"Rendez-vous atelier - Audi Strasbourg Hoenheim - Grand Est Automobiles","description":"Pour la maintenance ou pour des r\u00e9parations, nos techniciens prennent en charge votre v\u00e9hicule dans le respect des nomes constructeur.","robots":{"index":"noindex","follow":"follow","max-snippet":"max-snippet:-1","max-image-preview":"max-image-preview:large","max-video-preview":"max-video-preview:-1"},"og_locale":"fr_FR","og_type":"article","og_title":"Rendez-vous atelier - Audi Strasbourg Hoenheim - Grand Est Automobiles","og_description":"Pour la maintenance ou pour des r\u00e9parations, nos techniciens prennent en charge votre v\u00e9hicule dans le respect des nomes constructeur.","og_url":"https:\/\/grand-est-automobiles.fr\/audi-hoenheim\/rendez-vous-atelier\/","og_site_name":"Audi Strasbourg Hoenheim - Grand Est Automobiles","article_modified_time":"2022-06-09T20:59:10+00:00","og_image":[{"width":5000,"height":3333,"url":"https:\/\/grand-est-automobiles.fr\/audi-hoenheim\/wp-content\/uploads\/sites\/8\/2019\/06\/scheduled-car-service-r25vyqt-min.jpg","type":"image\/jpeg"}],"twitter_card":"summary_large_image","schema":{"@context":"https:\/\/schema.org","@graph":[{"@type":"WebPage","@id":"https:\/\/grand-est-automobiles.fr\/audi-hoenheim\/rendez-vous-atelier\/","url":"https:\/\/grand-est-automobiles.fr\/audi-hoenheim\/rendez-vous-atelier\/","name":"Rendez-vous atelier - Audi Strasbourg Hoenheim - Grand Est Automobiles","isPartOf":{"@id":"https:\/\/grand-est-automobiles.fr\/audi-hoenheim\/#website"},"primaryImageOfPage":{"@id":"https:\/\/grand-est-automobiles.fr\/audi-hoenheim\/rendez-vous-atelier\/#primaryimage"},"image":{"@id":"https:\/\/grand-est-automobiles.fr\/audi-hoenheim\/rendez-vous-atelier\/#primaryimage"},"thumbnailUrl":"https:\/\/grand-est-automobiles.fr\/audi-hoenheim\/wp-content\/uploads\/sites\/8\/2019\/06\/scheduled-car-service-r25vyqt-min.jpg","datePublished":"2019-06-20T19:33:53+00:00","dateModified":"2022-06-09T20:59:10+00:00","description":"Pour la maintenance ou pour des r\u00e9parations, nos techniciens prennent en charge votre v\u00e9hicule dans le respect des nomes constructeur.","breadcrumb":{"@id":"https:\/\/grand-est-automobiles.fr\/audi-hoenheim\/rendez-vous-atelier\/#breadcrumb"},"inLanguage":"fr-FR","potentialAction":[{"@type":"ReadAction","target":["https:\/\/grand-est-automobiles.fr\/audi-hoenheim\/rendez-vous-atelier\/"]}]},{"@type":"ImageObject","inLanguage":"fr-FR","@id":"https:\/\/grand-est-automobiles.fr\/audi-hoenheim\/rendez-vous-atelier\/#primaryimage","url":"https:\/\/grand-est-automobiles.fr\/audi-hoenheim\/wp-content\/uploads\/sites\/8\/2019\/06\/scheduled-car-service-r25vyqt-min.jpg","contentUrl":"https:\/\/grand-est-automobiles.fr\/audi-hoenheim\/wp-content\/uploads\/sites\/8\/2019\/06\/scheduled-car-service-r25vyqt-min.jpg","width":5000,"height":3333},{"@type":"BreadcrumbList","@id":"https:\/\/grand-est-automobiles.fr\/audi-hoenheim\/rendez-vous-atelier\/#breadcrumb","itemListElement":[{"@type":"ListItem","position":1,"name":"Accueil","item":"https:\/\/grand-est-automobiles.fr\/audi-hoenheim\/"},{"@type":"ListItem","position":2,"name":"Rendez-vous atelier"}]},{"@type":"WebSite","@id":"https:\/\/grand-est-automobiles.fr\/audi-hoenheim\/#website","url":"https:\/\/grand-est-automobiles.fr\/audi-hoenheim\/","name":"Audi Strasbourg Hoenheim - Grand Est Automobiles","description":"Concessionnaire AUDI \u00e0 Strasbourg Hoenheim - Grand Est Automobiles.","potentialAction":[{"@type":"SearchAction","target":{"@type":"EntryPoint","urlTemplate":"https:\/\/grand-est-automobiles.fr\/audi-hoenheim\/?s={search_term_string}"},"query-input":{"@type":"PropertyValueSpecification","valueRequired":true,"valueName":"search_term_string"}}],"inLanguage":"fr-FR"}]}},"acf":[],"_links":{"self":[{"href":"https:\/\/grand-est-automobiles.fr\/audi-hoenheim\/wp-json\/wp\/v2\/pages\/1680","targetHints":{"allow":["GET"]}}],"collection":[{"href":"https:\/\/grand-est-automobiles.fr\/audi-hoenheim\/wp-json\/wp\/v2\/pages"}],"about":[{"href":"https:\/\/grand-est-automobiles.fr\/audi-hoenheim\/wp-json\/wp\/v2\/types\/page"}],"author":[{"embeddable":true,"href":"https:\/\/grand-est-automobiles.fr\/audi-hoenheim\/wp-json\/wp\/v2\/users\/1"}],"replies":[{"embeddable":true,"href":"https:\/\/grand-est-automobiles.fr\/audi-hoenheim\/wp-json\/wp\/v2\/comments?post=1680"}],"version-history":[{"count":14,"href":"https:\/\/grand-est-automobiles.fr\/audi-hoenheim\/wp-json\/wp\/v2\/pages\/1680\/revisions"}],"predecessor-version":[{"id":2733,"href":"https:\/\/grand-est-automobiles.fr\/audi-hoenheim\/wp-json\/wp\/v2\/pages\/1680\/revisions\/2733"}],"wp:featuredmedia":[{"embeddable":true,"href":"https:\/\/grand-est-automobiles.fr\/audi-hoenheim\/wp-json\/wp\/v2\/media\/1938"}],"wp:attachment":[{"href":"https:\/\/grand-est-automobiles.fr\/audi-hoenheim\/wp-json\/wp\/v2\/media?parent=1680"}],"curies":[{"name":"wp","href":"https:\/\/api.w.org\/{rel}","templated":true}]}}

<h3><strong>Entretien &amp; Réparation</strong></h3>
<p>Pour la maintenance ou pour des réparations, nos techniciens prennent en charge votre véhicule dans le respect des normes constructeur. En choisissant nos ateliers, vous choisissez l’excellence de votre marque de véhicule.</p>
<p>Retrouvez votre marque au sein de Grand Est Automobiles !</p>
<h3>Nos services</h3>
<ul class="list-services">
<li>Entretiens et réparations</li>
<li>Service après-vente</li>
<li>Essai de véhicule</li>
<li>Reprise</li>
<li>Financement</li>
</ul>

<p>Entretien &amp; Réparation Pour la maintenance ou pour des réparations, nos techniciens prennent en charge votre véhicule dans le respect</p>

<!-- This site is optimized with the Yoast SEO plugin v27.4 - https://yoast.com/product/yoast-seo-wordpress/ -->
<title>Rendez-vous atelier - Audi Strasbourg Hoenheim - Grand Est Automobiles</title>
<meta name="description" content="Pour la maintenance ou pour des réparations, nos techniciens prennent en charge votre véhicule dans le respect des nomes constructeur." />
<meta name="robots" content="noindex, follow, max-snippet:-1, max-image-preview:large, max-video-preview:-1" />
<meta property="og:locale" content="fr_FR" />
<meta property="og:type" content="article" />
<meta property="og:title" content="Rendez-vous atelier - Audi Strasbourg Hoenheim - Grand Est Automobiles" />
<meta property="og:description" content="Pour la maintenance ou pour des réparations, nos techniciens prennent en charge votre véhicule dans le respect des nomes constructeur." />
<meta property="og:url" content="https://grand-est-automobiles.fr/audi-hoenheim/rendez-vous-atelier/" />
<meta property="og:site_name" content="Audi Strasbourg Hoenheim - Grand Est Automobiles" />
<meta property="article:modified_time" content="2022-06-09T20:59:10+00:00" />
<meta property="og:image" content="https://grand-est-automobiles.fr/audi-hoenheim/wp-content/uploads/sites/8/2019/06/scheduled-car-service-r25vyqt-min.jpg" />
	<meta property="og:image:width" content="5000" />
	<meta property="og:image:height" content="3333" />
	<meta property="og:image:type" content="image/jpeg" />
<meta name="twitter:card" content="summary_large_image" />
<script type="application/ld+json" class="yoast-schema-graph">{"@context":"https:\/\/schema.org","@graph":[{"@type":"WebPage","@id":"https:\/\/grand-est-automobiles.fr\/audi-hoenheim\/rendez-vous-atelier\/","url":"https:\/\/grand-est-automobiles.fr\/audi-hoenheim\/rendez-vous-atelier\/","name":"Rendez-vous atelier - Audi Strasbourg Hoenheim - Grand Est Automobiles","isPartOf":{"@id":"https:\/\/grand-est-automobiles.fr\/audi-hoenheim\/#website"},"primaryImageOfPage":{"@id":"https:\/\/grand-est-automobiles.fr\/audi-hoenheim\/rendez-vous-atelier\/#primaryimage"},"image":{"@id":"https:\/\/grand-est-automobiles.fr\/audi-hoenheim\/rendez-vous-atelier\/#primaryimage"},"thumbnailUrl":"https:\/\/grand-est-automobiles.fr\/audi-hoenheim\/wp-content\/uploads\/sites\/8\/2019\/06\/scheduled-car-service-r25vyqt-min.jpg","datePublished":"2019-06-20T19:33:53+00:00","dateModified":"2022-06-09T20:59:10+00:00","description":"Pour la maintenance ou pour des réparations, nos techniciens prennent en charge votre véhicule dans le respect des nomes constructeur.","breadcrumb":{"@id":"https:\/\/grand-est-automobiles.fr\/audi-hoenheim\/rendez-vous-atelier\/#breadcrumb"},"inLanguage":"fr-FR","potentialAction":[{"@type":"ReadAction","target":["https:\/\/grand-est-automobiles.fr\/audi-hoenheim\/rendez-vous-atelier\/"]}]},{"@type":"ImageObject","inLanguage":"fr-FR","@id":"https:\/\/grand-est-automobiles.fr\/audi-hoenheim\/rendez-vous-atelier\/#primaryimage","url":"https:\/\/grand-est-automobiles.fr\/audi-hoenheim\/wp-content\/uploads\/sites\/8\/2019\/06\/scheduled-car-service-r25vyqt-min.jpg","contentUrl":"https:\/\/grand-est-automobiles.fr\/audi-hoenheim\/wp-content\/uploads\/sites\/8\/2019\/06\/scheduled-car-service-r25vyqt-min.jpg","width":5000,"height":3333},{"@type":"BreadcrumbList","@id":"https:\/\/grand-est-automobiles.fr\/audi-hoenheim\/rendez-vous-atelier\/#breadcrumb","itemListElement":[{"@type":"ListItem","position":1,"name":"Accueil","item":"https:\/\/grand-est-automobiles.fr\/audi-hoenheim\/"},{"@type":"ListItem","position":2,"name":"Rendez-vous atelier"}]},{"@type":"WebSite","@id":"https:\/\/grand-est-automobiles.fr\/audi-hoenheim\/#website","url":"https:\/\/grand-est-automobiles.fr\/audi-hoenheim\/","name":"Audi Strasbourg Hoenheim - Grand Est Automobiles","description":"Concessionnaire AUDI à Strasbourg Hoenheim - Grand Est Automobiles.","potentialAction":[{"@type":"SearchAction","target":{"@type":"EntryPoint","urlTemplate":"https:\/\/grand-est-automobiles.fr\/audi-hoenheim\/?s={search_term_string}"},"query-input":{"@type":"PropertyValueSpecification","valueRequired":true,"valueName":"search_term_string"}}],"inLanguage":"fr-FR"}]}</script>
<!-- / Yoast SEO plugin. -->

Pour la maintenance ou pour des réparations, nos techniciens prennent en charge votre véhicule dans le respect des nomes constructeur.

Concessionnaire AUDI à Strasbourg Hoenheim - Grand Est Automobiles.
